{"id":3163,"date":"2022-10-13T10:20:19","date_gmt":"2022-10-13T10:20:19","guid":{"rendered":"https:\/\/casa-colonia.de\/concept-dhygiene\/"},"modified":"2022-10-20T10:29:45","modified_gmt":"2022-10-20T10:29:45","slug":"concept-dhygiene","status":"publish","type":"page","link":"https:\/\/casa-colonia.de\/fr\/concept-dhygiene\/","title":{"rendered":"Concept d&rsquo;hygi\u00e8ne"},"content":{"rendered":"<div class=\"wpb-content-wrapper\"><p>[vc_row][vc_column width=\u00a0\u00bb1\/2&Prime;][vc_column_text css=\u00a0\u00bb.vc_custom_1623852942355{padding-bottom: 15px !important;}\u00a0\u00bb]<span class=\"TextRun SCXW76339184 BCX0\" lang=\"DE-DE\" data-contrast=\"auto\" xml:lang=\"DE-DE\"><span class=\"NormalTextRun SCXW76339184 BCX0\">Pour votre s\u00e9curit\u00e9, nous avons imagin\u00e9 un concept qui devrait vous permettre de passer un s\u00e9jour d\u00e9tendu dans notre \u00e9tablissement malgr\u00e9 la pand\u00e9mie de Corona. La base de cette d\u00e9marche est la <\/span><\/span><span class=\"TextRun SCXW76339184 BCX0\" lang=\"DE-DE\" data-contrast=\"auto\"><span class=\"SpellingError SCXW76339184 BCX0\">CornoaSchVO<\/span><\/span><span class=\"TextRun SCXW76339184 BCX0\" lang=\"DE-DE\" data-contrast=\"auto\"><span class=\"NormalTextRun SCXW76339184 BCX0\"> du Land de Rh\u00e9nanie-du-Nord-Westphalie<\/span><\/span><span class=\"EOP SCXW76339184 BCX0\" data-ccp-props=\"{}\"> <\/span><\/p>\n<p>&nbsp;<\/p>\n<p>&nbsp;<\/p>\n<div id=\"pgc-1427-1-0\" class=\"panel-grid-cell\">\n<div id=\"panel-1427-1-0-0\" class=\"so-panel widget widget_text panel-first-child panel-last-child\" data-index=\"1\">\n<h3 class=\"widget-title\">DANS L&rsquo;ESPACE PUBLIC<\/h3>\n<div class=\"textwidget\">\n<ol>\n<li style=\"text-align: left;\">Toutes les surfaces de contact publiques sont d\u00e9sinfect\u00e9es et nettoy\u00e9es au moins deux fois par jour. <\/li>\n<li style=\"text-align: left;\">Des distributeurs de d\u00e9sinfectants sont \u00e0 votre disposition dans l&rsquo;entr\u00e9e, le caf\u00e9 et les couloirs.<\/li>\n<li style=\"text-align: left;\">Nous vous aidons \u00e0 respecter la distance obligatoire de 1,5 m gr\u00e2ce \u00e0 des marquages dans notre zone d&rsquo;entr\u00e9e et de r\u00e9ception.<\/li>\n<li style=\"text-align: left;\"> Prenez l&rsquo;ascenseur pour monter aux \u00e9tages et l&rsquo;escalier pour redescendre. Cela permet d&rsquo;\u00e9viter les contacts inutiles dans la cage d&rsquo;escalier.<\/li>\n<li style=\"text-align: left;\">La r\u00e9ception est s\u00e9par\u00e9e par une vitre en plexiglas.<\/li>\n<li style=\"text-align: left;\"> Tous les collaborateurs portent \u00e0 tout moment des masques certifi\u00e9s FFP2 et sont familiaris\u00e9s avec les r\u00e8gles g\u00e9n\u00e9rales de protection contre les infections. <\/li>\n<li style=\"text-align: left;\"> Tous les espaces publics sont suffisamment ventil\u00e9s \u00e0 tout moment<\/li>\n<li style=\"text-align: left;\">L&rsquo;ascenseur ne peut \u00eatre utilis\u00e9 que par une seule personne au maximum, sauf si elles font partie du m\u00eame m\u00e9nage. <\/li>\n<li style=\"text-align: left;\">Les locaux sanitaires accessibles \u00e0 tous sont nettoy\u00e9s et d\u00e9sinfect\u00e9s deux fois par jour.<\/li>\n<li style=\"text-align: left;\">Des purificateurs d&rsquo;air certifi\u00e9s, dont il est prouv\u00e9 qu&rsquo;ils r\u00e9duisent la charge virale, sont install\u00e9s dans les espaces publics et les voies de circulation.<\/li>\n<\/ol>\n<\/div>\n<\/div>\n<\/div>\n<p>[\/vc_column_text][vc_column_text]<\/p>\n<h3 class=\"widget-title\">CHECK-IN, PETIT D\u00c9JEUNER ET CHAMBRE<\/h3>\n<div class=\"textwidget\">\n<ol>\n<li><span data-contrast=\"auto\">Un check-in et un check-out sans contact, ainsi que la possibilit\u00e9 d&rsquo;un paiement sans contact sont bien s\u00fbr \u00e0 votre disposition. <\/span><\/li>\n<li data-leveltext=\"%1.\" data-font=\"\"Times New Roman\", \"Times New Roman_MSFontService\", serif\" data-listid=\"3\" aria-setsize=\"-1\" data-aria-posinset=\"12\" data-aria-level=\"1\"><span data-contrast=\"auto\">Si vous le souhaitez, nous pouvons vous servir le petit-d\u00e9jeuner dans votre chambre. Vous pouvez \u00e9galement le prendre au  <\/span><span data-contrast=\"auto\">le caf\u00e9<\/span><span data-contrast=\"auto\"> R\u00e9cup\u00e9rer. <\/span> <\/li>\n<li data-leveltext=\"%1.\" data-font=\"\"Times New Roman\", \"Times New Roman_MSFontService\", serif\" data-listid=\"3\" aria-setsize=\"-1\" data-aria-posinset=\"13\" data-aria-level=\"1\"><span data-contrast=\"auto\">Les textiles usag\u00e9s sont nettoy\u00e9s \u00e0 60 degr\u00e9s Celsius minimum apr\u00e8s chaque changement de client. <\/span><\/li>\n<li data-leveltext=\"%1.\" data-font=\"\"Times New Roman\", \"Times New Roman_MSFontService\", serif\" data-listid=\"3\" aria-setsize=\"-1\" data-aria-posinset=\"13\" data-aria-level=\"1\"><span data-contrast=\"auto\">Du d\u00e9sinfectant est \u00e0 votre disposition dans votre chambre.<\/span><\/li>\n<\/ol>\n<\/div>\n<p>&nbsp;<\/p>\n<p>&nbsp;<\/p>\n<hr>\n<h3><\/h3>\n<h3 class=\"widget-title\">TOUS ENSEMBLE !<\/h3>\n<p>&nbsp;<\/p>\n<div class=\"textwidget\">\n<p><span data-contrast=\"auto\">Pour pouvoir appliquer correctement toutes les mesures d&rsquo;hygi\u00e8ne, nous avons bien entendu besoin de votre aide. Nous vous demandons de porter un cache-nez dans les espaces publics et de vous tenir \u00e0 une distance minimale de 1,50 m des autres clients. Nous vous demandons \u00e9galement de vous d\u00e9sinfecter r\u00e9guli\u00e8rement les mains, en particulier lorsque vous entrez dans l&rsquo;h\u00f4tel et dans la salle de petit-d\u00e9jeuner. Traduit avec www.DeepL.com\/Translator (version gratuite)    <\/span><span data-ccp-props=\"{\"134233117\":true,\"134233118\":true}\"> <\/span><\/p>\n<\/div>\n<p>[\/vc_column_text][\/vc_column][vc_column width=\u00a0\u00bb1\/2&Prime;]\n    <div style=\"text-align:left\" class=\"nd_options_section\">\n      <img decoding=\"async\" alt=\"\" style=\"width:400px\" class=\" nd_options_margin_0 nd_options_padding_0 \" src=\"https:\/\/casa-colonia.de\/wp-content\/uploads\/2021\/06\/DSC_4873-675x1024.jpg\">\n    <\/div>\n   [\/vc_column][\/vc_row]<\/p>\n<\/div>","protected":false},"excerpt":{"rendered":"<p>[vc_row][vc_column width=\u00a0\u00bb1\/2&Prime;][vc_column_text css=\u00a0\u00bb.vc_custom_1623852942355{padding-bottom: 15px !important;}\u00a0\u00bb]Pour votre s\u00e9curit\u00e9, nous avons imagin\u00e9 un concept qui devrait vous permettre de passer un s\u00e9jour d\u00e9tendu dans notre \u00e9tablissement malgr\u00e9 la pand\u00e9mie de Corona. La base de cette d\u00e9marche est la CornoaSchVO du Land de Rh\u00e9nanie-du-Nord-Westphalie &nbsp; &nbsp; DANS L&rsquo;ESPACE PUBLIC Toutes les surfaces de contact publiques sont d\u00e9sinfect\u00e9es et [&hellip;]<\/p>\n","protected":false},"author":2,"featured_media":3085,"parent":0,"menu_order":0,"comment_status":"closed","ping_status":"closed","template":"","meta":{"footnotes":""},"class_list":["post-3163","page","type-page","status-publish","has-post-thumbnail","hentry"],"aioseo_notices":[],"amp_enabled":true,"_links":{"self":[{"href":"https:\/\/casa-colonia.de\/fr\/wp-json\/wp\/v2\/pages\/3163","targetHints":{"allow":["GET"]}}],"collection":[{"href":"https:\/\/casa-colonia.de\/fr\/wp-json\/wp\/v2\/pages"}],"about":[{"href":"https:\/\/casa-colonia.de\/fr\/wp-json\/wp\/v2\/types\/page"}],"author":[{"embeddable":true,"href":"https:\/\/casa-colonia.de\/fr\/wp-json\/wp\/v2\/users\/2"}],"replies":[{"embeddable":true,"href":"https:\/\/casa-colonia.de\/fr\/wp-json\/wp\/v2\/comments?post=3163"}],"version-history":[{"count":4,"href":"https:\/\/casa-colonia.de\/fr\/wp-json\/wp\/v2\/pages\/3163\/revisions"}],"predecessor-version":[{"id":4757,"href":"https:\/\/casa-colonia.de\/fr\/wp-json\/wp\/v2\/pages\/3163\/revisions\/4757"}],"wp:featuredmedia":[{"embeddable":true,"href":"https:\/\/casa-colonia.de\/fr\/wp-json\/wp\/v2\/media\/3085"}],"wp:attachment":[{"href":"https:\/\/casa-colonia.de\/fr\/wp-json\/wp\/v2\/media?parent=3163"}],"curies":[{"name":"wp","href":"https:\/\/api.w.org\/{rel}","templated":true}]}}

Concept d&rsquo;hygiène

<div class="wpb-content-wrapper"><p>[vc_row][vc_column width= »1/2&Prime;][vc_column_text css= ».vc_custom_1623852942355{padding-bottom: 15px !important;} »]<span class="TextRun SCXW76339184 BCX0" lang="DE-DE" data-contrast="auto" xml:lang="DE-DE"><span class="NormalTextRun SCXW76339184 BCX0">Pour votre sécurité, nous avons imaginé un concept qui devrait vous permettre de passer un séjour détendu dans notre établissement malgré la pandémie de Corona. La base de cette démarche est la </span></span><span class="TextRun SCXW76339184 BCX0" lang="DE-DE" data-contrast="auto"><span class="SpellingError SCXW76339184 BCX0">CornoaSchVO</span></span><span class="TextRun SCXW76339184 BCX0" lang="DE-DE" data-contrast="auto"><span class="NormalTextRun SCXW76339184 BCX0"> du Land de Rhénanie-du-Nord-Westphalie</span></span><span class="EOP SCXW76339184 BCX0" data-ccp-props="{}"> </span></p>
<p>&nbsp;</p>
<p>&nbsp;</p>
<div id="pgc-1427-1-0" class="panel-grid-cell">
<div id="panel-1427-1-0-0" class="so-panel widget widget_text panel-first-child panel-last-child" data-index="1">
<h3 class="widget-title">DANS L&rsquo;ESPACE PUBLIC</h3>
<div class="textwidget">
<ol>
<li style="text-align: left;">Toutes les surfaces de contact publiques sont désinfectées et nettoyées au moins deux fois par jour. </li>
<li style="text-align: left;">Des distributeurs de désinfectants sont à votre disposition dans l&rsquo;entrée, le café et les couloirs.</li>
<li style="text-align: left;">Nous vous aidons à respecter la distance obligatoire de 1,5 m grâce à des marquages dans notre zone d&rsquo;entrée et de réception.</li>
<li style="text-align: left;"> Prenez l&rsquo;ascenseur pour monter aux étages et l&rsquo;escalier pour redescendre. Cela permet d&rsquo;éviter les contacts inutiles dans la cage d&rsquo;escalier.</li>
<li style="text-align: left;">La réception est séparée par une vitre en plexiglas.</li>
<li style="text-align: left;"> Tous les collaborateurs portent à tout moment des masques certifiés FFP2 et sont familiarisés avec les règles générales de protection contre les infections. </li>
<li style="text-align: left;"> Tous les espaces publics sont suffisamment ventilés à tout moment</li>
<li style="text-align: left;">L&rsquo;ascenseur ne peut être utilisé que par une seule personne au maximum, sauf si elles font partie du même ménage. </li>
<li style="text-align: left;">Les locaux sanitaires accessibles à tous sont nettoyés et désinfectés deux fois par jour.</li>
<li style="text-align: left;">Des purificateurs d&rsquo;air certifiés, dont il est prouvé qu&rsquo;ils réduisent la charge virale, sont installés dans les espaces publics et les voies de circulation.</li>
</ol>
</div>
</div>
</div>
<p>[/vc_column_text][vc_column_text]</p>
<h3 class="widget-title">CHECK-IN, PETIT DÉJEUNER ET CHAMBRE</h3>
<div class="textwidget">
<ol>
<li><span data-contrast="auto">Un check-in et un check-out sans contact, ainsi que la possibilité d&rsquo;un paiement sans contact sont bien sûr à votre disposition. </span></li>
<li data-leveltext="%1." data-font=""Times New Roman", "Times New Roman_MSFontService", serif" data-listid="3" aria-setsize="-1" data-aria-posinset="12" data-aria-level="1"><span data-contrast="auto">Si vous le souhaitez, nous pouvons vous servir le petit-déjeuner dans votre chambre. Vous pouvez également le prendre au  </span><span data-contrast="auto">le café</span><span data-contrast="auto"> Récupérer. </span> </li>
<li data-leveltext="%1." data-font=""Times New Roman", "Times New Roman_MSFontService", serif" data-listid="3" aria-setsize="-1" data-aria-posinset="13" data-aria-level="1"><span data-contrast="auto">Les textiles usagés sont nettoyés à 60 degrés Celsius minimum après chaque changement de client. </span></li>
<li data-leveltext="%1." data-font=""Times New Roman", "Times New Roman_MSFontService", serif" data-listid="3" aria-setsize="-1" data-aria-posinset="13" data-aria-level="1"><span data-contrast="auto">Du désinfectant est à votre disposition dans votre chambre.</span></li>
</ol>
</div>
<p>&nbsp;</p>
<p>&nbsp;</p>
<hr>
<h3></h3>
<h3 class="widget-title">TOUS ENSEMBLE !</h3>
<p>&nbsp;</p>
<div class="textwidget">
<p><span data-contrast="auto">Pour pouvoir appliquer correctement toutes les mesures d&rsquo;hygiène, nous avons bien entendu besoin de votre aide. Nous vous demandons de porter un cache-nez dans les espaces publics et de vous tenir à une distance minimale de 1,50 m des autres clients. Nous vous demandons également de vous désinfecter régulièrement les mains, en particulier lorsque vous entrez dans l&rsquo;hôtel et dans la salle de petit-déjeuner. Traduit avec www.DeepL.com/Translator (version gratuite)    </span><span data-ccp-props="{"134233117":true,"134233118":true}"> </span></p>
</div>
<p>[/vc_column_text][/vc_column][vc_column width= »1/2&Prime;]
    <div style="text-align:left" class="nd_options_section">
      <img decoding="async" alt="" style="width:400px" class=" nd_options_margin_0 nd_options_padding_0 " src="https://casa-colonia.de/wp-content/uploads/2021/06/DSC_4873-675x1024.jpg">
    </div>
   [/vc_column][/vc_row]</p>
</div>

<p>[vc_row][vc_column width= »1/2&Prime;][vc_column_text css= ».vc_custom_1623852942355{padding-bottom: 15px !important;} »]Pour votre sécurité, nous avons imaginé un concept qui devrait vous permettre de passer un séjour détendu dans notre établissement malgré la pandémie de Corona. La base de cette démarche est la CornoaSchVO du Land de Rhénanie-du-Nord-Westphalie &nbsp; &nbsp; DANS L&rsquo;ESPACE PUBLIC Toutes les surfaces de contact publiques sont désinfectées et [&hellip;]</p>
